{"id":605,"date":"2020-03-03T11:28:38","date_gmt":"2020-03-03T10:28:38","guid":{"rendered":"http:\/\/www.cepam.cnrs.fr\/sites\/zoomathia\/?page_id=605"},"modified":"2020-03-03T11:28:38","modified_gmt":"2020-03-03T10:28:38","slug":"contactez-nous","status":"publish","type":"page","link":"https:\/\/www.cepam.cnrs.fr\/sites\/zoomathia\/contactez-nous\/","title":{"rendered":"Contactez-nous"},"content":{"rendered":"<p>Si vous souhaitez communiquer une information (conf\u00e9rence, appel \u00e0 communication, publication r\u00e9cente\u2026)<\/p>\n<p><code><\/code><\/p>\n<table>\n<tbody>\n<tr>\n<td style=\"width: 300px;\">courriel :<\/p>\n<p><strong><a href=\"zoomathia@cepam.cnrs.fr\">zoomathia[at]cepam.cnrs.fr<\/a><\/strong><br \/>\nt\u00e9l :<\/p>\n<p><strong>+ 33 (0)4 89 88 15 19<\/strong><\/p>\n<p>Universit\u00e9 Nice Sophia Antipolis<br \/>\nP\u00f4le Universitaire<br \/>\nSaint Jean d\u2019Ang\u00e9ly<br \/>\nSJA 3 \u2013 CEPAM<br \/>\nUMR7264 \u2013 CNRS \u2013 UNS<br \/>\n24, avenue des Diables Bleus<br \/>\nF &#8211; 06357 Nice Cedex 4<\/td>\n<td style=\"width: 300px;\"><\/td>\n<td style=\"width: 300px;\"><strong><code>[pirate_forms]<\/code><\/strong><\/td>\n<\/tr>\n<\/tbody>\n<\/table>\n<p><iframe loading=\"lazy\" width=\"1000\" height=\"300\" style=\"border: 0;\" src=\"https:\/\/www.google.com\/maps\/embed?pb=!1m18!1m12!1m3!1d721.0139651826369!2d7.2900333938871675!3d43.709388174345186!2m3!1f0!2f0!3f0!3m2!1i1024!2i768!4f13.1!3m3!1m2!1s0x0%3A0xd443eb9c73e6dcd5!2sMaison+des+Sciences+de+l'Homme+et+de+la+Soci%C3%A9t%C3%A9+Sud-Est!5e0!3m2!1sfr!2sfr!4v1394464970945\" frameborder=\"0\" data-mce-fragment=\"1\"><\/iframe><\/p>\n","protected":false},"excerpt":{"rendered":"<p>Si vous souhaitez communiquer une information (conf\u00e9rence, appel \u00e0 communication, publication r\u00e9cente\u2026) courriel : zoomathia[at]cepam.cnrs.fr t\u00e9l : + 33 (0)4 89 88 15 19 Universit\u00e9 Nice Sophia Antipolis P\u00f4le Universitaire Saint Jean d\u2019Ang\u00e9ly SJA 3 \u2013 CEPAM UMR7264 \u2013 CNRS \u2013 UNS 24, avenue des Diables Bleus F &#8211; 06357 [&hellip;]<\/p>\n","protected":false},"author":1,"featured_media":0,"parent":0,"menu_order":0,"comment_status":"closed","ping_status":"closed","template":"page-templates\/template-page-sidebar.php","meta":{"footnotes":""},"categories":[],"tags":[],"_links":{"self":[{"href":"https:\/\/www.cepam.cnrs.fr\/sites\/zoomathia\/wp-json\/wp\/v2\/pages\/605"}],"collection":[{"href":"https:\/\/www.cepam.cnrs.fr\/sites\/zoomathia\/wp-json\/wp\/v2\/pages"}],"about":[{"href":"https:\/\/www.cepam.cnrs.fr\/sites\/zoomathia\/wp-json\/wp\/v2\/types\/page"}],"author":[{"embeddable":true,"href":"https:\/\/www.cepam.cnrs.fr\/sites\/zoomathia\/wp-json\/wp\/v2\/users\/1"}],"replies":[{"embeddable":true,"href":"https:\/\/www.cepam.cnrs.fr\/sites\/zoomathia\/wp-json\/wp\/v2\/comments?post=605"}],"version-history":[{"count":1,"href":"https:\/\/www.cepam.cnrs.fr\/sites\/zoomathia\/wp-json\/wp\/v2\/pages\/605\/revisions"}],"predecessor-version":[{"id":606,"href":"https:\/\/www.cepam.cnrs.fr\/sites\/zoomathia\/wp-json\/wp\/v2\/pages\/605\/revisions\/606"}],"wp:attachment":[{"href":"https:\/\/www.cepam.cnrs.fr\/sites\/zoomathia\/wp-json\/wp\/v2\/media?parent=605"}],"wp:term":[{"taxonomy":"category","embeddable":true,"href":"https:\/\/www.cepam.cnrs.fr\/sites\/zoomathia\/wp-json\/wp\/v2\/categories?post=605"},{"taxonomy":"post_tag","embeddable":true,"href":"https:\/\/www.cepam.cnrs.fr\/sites\/zoomathia\/wp-json\/wp\/v2\/tags?post=605"}],"curies":[{"name":"wp","href":"https:\/\/api.w.org\/{rel}","templated":true}]}}