{"id":17,"date":"2021-09-30T10:32:32","date_gmt":"2021-09-30T08:32:32","guid":{"rendered":"https:\/\/www.cepam.cnrs.fr\/sites\/mermaid\/hestia-front\/"},"modified":"2024-01-25T16:22:23","modified_gmt":"2024-01-25T15:22:23","slug":"hestia-front","status":"publish","type":"page","link":"https:\/\/www.cepam.cnrs.fr\/sites\/mermaid\/","title":{"rendered":"Home"},"content":{"rendered":"\n<h3 class=\"wp-block-heading\"><em>Funding<\/em><\/h3>\n\n\n\n<p>MERMAID is funded by the&nbsp;<a href=\"https:\/\/erc.europa.eu\/\">European Research Council<\/a>&nbsp;(ERC) under the European Union\u2019s&nbsp;<a href=\"https:\/\/cordis.europa.eu\/programme\/id\/H2020-EU.1.1.\">Horizon 2020 Research and Innovation Programme<\/a>&nbsp;(Grant Agreement&nbsp;<a href=\"https:\/\/cordis.europa.eu\/project\/id\/101002721\">no. 101002721<\/a>).<\/p>\n\n\n\n<p>Principal Investigator: <a href=\"https:\/\/www.cepam.cnrs.fr\/contact\/tatiana-theodoropoulou\/\" target=\"_blank\" rel=\"noreferrer noopener\">Tatiana (Anastasia) Theodoropoulou<\/a> (Charg\u00e9e de recherche-CNRS)<\/p>\n\n\n\n<p>Host Institution: <a href=\"http:\/\/www.cnrs.fr\" target=\"_blank\" rel=\"noreferrer noopener\">Centre National de la Recherche Scientifique<\/a> (CNRS-D\u00e9l\u00e9gation R\u00e9gionale DR20) \u2013 <a href=\"https:\/\/univ-cotedazur.fr\" target=\"_blank\" rel=\"noreferrer noopener\">Universit\u00e9 C\u00f4te d\u2019Azur&nbsp;<\/a><\/p>\n\n\n\n<p>Partner Laboratories: <a href=\"https:\/\/www.cepam.cnrs.fr\" target=\"_blank\" rel=\"noreferrer noopener\">CEPAM-UMR7264<\/a>, <a href=\"http:\/\/ecoseas.unice.fr\" target=\"_blank\" rel=\"noreferrer noopener\">ECOSEAS-UMR<\/a>, <a href=\"https:\/\/lov.imev-mer.fr\/web\/\" target=\"_blank\" rel=\"noreferrer noopener\">LOV-UMR<\/a><\/p>\n\n\n\n<p>Duration: 1 June 2021 to 31 May 2026<\/p>\n","protected":false},"excerpt":{"rendered":"<p>Funding MERMAID is funded by the&nbsp;European Research Council&nbsp;(ERC) under the European Union\u2019s&nbsp;Horizon 2020 Research and Innovation Programme&nbsp;(Grant Agreement&nbsp;no. 101002721). Principal Investigator: Tatiana (Anastasia) Theodoropoulou (Charg\u00e9e de recherche-CNRS) Host Institution: Centre National de la Recherche Scientifique (CNRS-D\u00e9l\u00e9gation R\u00e9gionale DR20) \u2013 Universit\u00e9 C\u00f4te d\u2019Azur&nbsp; Partner Laboratories: CEPAM-UMR7264, ECOSEAS-UMR, LOV-UMR Duration: 1 June [&hellip;]<\/p>\n","protected":false},"author":1,"featured_media":155,"parent":0,"menu_order":0,"comment_status":"closed","ping_status":"closed","template":"","meta":{"footnotes":""},"categories":[],"tags":[],"_links":{"self":[{"href":"https:\/\/www.cepam.cnrs.fr\/sites\/mermaid\/index.php?rest_route=\/wp\/v2\/pages\/17"}],"collection":[{"href":"https:\/\/www.cepam.cnrs.fr\/sites\/mermaid\/index.php?rest_route=\/wp\/v2\/pages"}],"about":[{"href":"https:\/\/www.cepam.cnrs.fr\/sites\/mermaid\/index.php?rest_route=\/wp\/v2\/types\/page"}],"author":[{"embeddable":true,"href":"https:\/\/www.cepam.cnrs.fr\/sites\/mermaid\/index.php?rest_route=\/wp\/v2\/users\/1"}],"replies":[{"embeddable":true,"href":"https:\/\/www.cepam.cnrs.fr\/sites\/mermaid\/index.php?rest_route=%2Fwp%2Fv2%2Fcomments&post=17"}],"version-history":[{"count":2,"href":"https:\/\/www.cepam.cnrs.fr\/sites\/mermaid\/index.php?rest_route=\/wp\/v2\/pages\/17\/revisions"}],"predecessor-version":[{"id":156,"href":"https:\/\/www.cepam.cnrs.fr\/sites\/mermaid\/index.php?rest_route=\/wp\/v2\/pages\/17\/revisions\/156"}],"wp:featuredmedia":[{"embeddable":true,"href":"https:\/\/www.cepam.cnrs.fr\/sites\/mermaid\/index.php?rest_route=\/wp\/v2\/media\/155"}],"wp:attachment":[{"href":"https:\/\/www.cepam.cnrs.fr\/sites\/mermaid\/index.php?rest_route=%2Fwp%2Fv2%2Fmedia&parent=17"}],"wp:term":[{"taxonomy":"category","embeddable":true,"href":"https:\/\/www.cepam.cnrs.fr\/sites\/mermaid\/index.php?rest_route=%2Fwp%2Fv2%2Fcategories&post=17"},{"taxonomy":"post_tag","embeddable":true,"href":"https:\/\/www.cepam.cnrs.fr\/sites\/mermaid\/index.php?rest_route=%2Fwp%2Fv2%2Ftags&post=17"}],"curies":[{"name":"wp","href":"https:\/\/api.w.org\/{rel}","templated":true}]}}